 is 10 + 33 - (-31 + 106)?
-32
(4 + (-5 - 3) - 60) + 21
-43
What is -7 - (-109 - -24) - -5 - 28?
55
What is 3 - (6 - (16 - 28)) - 14?
-29
Calculate (7 + 12 - 12 - (8 - -2)) + 22.
19
What is the value of 122 + -47 - (54 + -9) - -58?
88
What is -74 + (9 + 16 + -9 - (0 + 4) - 2)?
-64
Evaluate -10 + 5 + 0 - (50 + -122 - -8).
59
Calculate 19 - (12 + 11 + -13 - -62).
-53
What is the value of -3 - (6 + 11 + (-27 + 3 - 13))?
17
What is 81 + (17 + -41 - 49)?
8
What is the value of (74 - 26) + -6 + 24 + -19?
47
Evaluate 76 + 71 + -79 + -128.
-60
What is the value of 99 + (-40 - -45) + -62?
42
What is 68 - (-9 + 66) - (4 - 18)?
25
Calculate (6 - 132) + (971 - 859).
-14
Evaluate (6 - 238) + 45 - -78.
-109
13 - 4 - -44 - ((10 - (12 + -8)) + -1)
48
-146 - -74 - -52 - (-1 + 10 + -1)
-28
(0 - (6 + -5)) + (-62 - -50)
-13
Calculate -10 + (5 - (2 - 10 - -11)) + 5.
-3
What is (-78 + 231 + -144 - (-10 + 1)) + 14?
32
Evaluate -1 - -19 - (14 - (17 - (3 - 9))).
27
Evaluate -29 + 32 + 3 - (-4 - 7).
17
What is -6 - (-1 - (-3 + 0) - (56 + -4 - -1))?
45
Evaluate (35 - 42) + 18 + -2 + -71 + 18.
-44
Evaluate 45 + 31 - 61 - 27.
-12
What is (-22 - 1) + (13 + 29 - (52 - 22))?
-11
Evaluate -43 - (-7 + -52 - -39).
-23
Calculate (-284 - -307) + -3 + 19 + -11.
28
What is -54 + (21 - 36) + (0 - -3) + (55 - 43)?
-54
What is the value of 1 + -12 - (16 - (18 + -12 + -26))?
-47
What is the value of (-15270 - -15334) + (1 - 12) + -1?
52
Calculate (-78 - 23) + 36 + 59.
-6
Evaluate (-4 - -6 - 22) + 30 + -19 + 0 + 30.
21
Calculate 7 + 9 + 66 - -3 - (3 + -5 + -4).
91
What is the value of -10 + 5 + -7 + (6 - -7) - -4?
5
Calculate -5 - (6 - (6 + -6 - -4 - 0)) - 44.
-51
What is (-46 - -7) + (-3 - -7 - (2 + 14 + -19))?
-32
Evaluate (0 - (-35 - -163)) + 87.
-41
Calculate -6 - -5 - (-145 - -120).
24
Evaluate -82 + -2 + (615 - 608 - (1 - -3)).
-81
What is 1423 + -1360 + (-127 - 0)?
-64
What is 1 - -4 - (23 - -2 - -26 - -7)?
-53
What is -291 + 329 - (-4 + 12)?
30
Evaluate -50 - (-4 + 5) - ((0 - 2) + (-399 - -400)).
-50
Evaluate (326 - 332) + (-6 - -1) + 2 - -13.
4
(-2 + 12 - (-23 + -26 + 62)) + 45
42
Evaluate -63 + 23 + -35 - (-3 + 20).
-92
59 - (2 + -2 + -10 + 193 + -180)
56
What is the value of (45 - (-21 - -56)) + -18?
-8
What is (-1 + 13 - (-66 - -63)) + -4 + 31?
42
(-14 - -1) + -1205 + 1219 + (0 - -1)
2
Evaluate -4657 + 4611 + (-1 - -148).
101
Calculate -24 + -1 + (-33 - -69).
11
What is -90 + (-8 - -23) + (3 - (-7 + 1 - 0))?
-66
What is the value of (-46 - 31) + 29 - -2?
-46
(-8 - (10 + -9 + 5)) + 84
70
What is (15 - (74 - 16) - -5) + -2 + 17?
-23
Evaluate 18 - ((3 + -6 + 11 - 15) + 78).
-53
Calculate 128 - 116 - (145 - (-4 - -8) - (-21 + 17)).
-133
Evaluate -72 + 126 + -33 + -116.
-95
What is -16 - (-68 + -5 + 24 + -54 + 46 + -24)?
65
Calculate 89 - (31 + -7 + 7) - 2.
56
What is 1 - 6 - 7 - (-44 + -66 + 32)?
66
Calculate 117 + -142 + (12 - -11).
-2
What is the value of 9 + -33 - (-45 + 44)?
-23
Evaluate 75 - (-4 + (8 - -4) + (-12 - -4) - 6).
81
What is the value of -64 - (60 + -63 + -1 + -10)?
-50
(10 - 29) + -41 + 27
-33
Calculate (5 - -1 - -6) + (-158 - -153) + (0 - -19).
26
What is -30 + (-18 + 14 - -35 - 20)?
-19
Evaluate 196 + -116 + 13 + -52.
41
-145 + 139 + (22 - 2 - (4 + -8))
18
What is the value of 0 + -70 + (-324 + 90 - -210)?
-94
What is the value of (21 - 29) + 0 + (-2 - 49)?
-59
Evaluate (-34 + 134 - 72) + -16.
12
Evaluate -61 + 8 + -5 + 15 + 8 + -7.
-42
Evaluate 37 - 21 - (10 - -21 - -18 - -16).
-49
Evaluate 8 + (-16 - (1 - -6) - 33).
-48
Evaluate 33 + (-3 + 4 - (13 + -6 + -5 - -6)).
26
What is the value of -118 + 86 + 64 - 27?
5
What is the value of 14 - (-101 - ((3 - (19 + -26)) + -8))?
117
What is the value of 7 + (-37 + -4 - (16 - 0))?
-50
What is (117 + 11 + 1 - 15) + 31 + -49?
96
What is 428 + -446 + (-2 - 6) - -22?
-4
(8 - 7 - (15 + -12 + 14)) + 12
-4
Calculate -20 + -6 + 36 - ((-6 - 1) + -2).
19
Evaluate (9 - -11) + (-8 - 0 - (10 + -113)).
115
-43 - (-319 + 315 - (7 + (0 - -3)))
-29
What is (20 - (-23 - -68)) + (-25 - 18)?
-68
Evaluate -4 + -3 + 39 + (-20 - -3).
15
What is the value of (-3093 - -3133) + (-31 - 0)?
9
Evaluate (38 - 1) + 5952 + -5935.
54
What is the value of 11 + -13 + (-29 - (9 - 19))?
-21
Evaluate 7 + (-4 - (15 + 0)) - (-97 - -144).
-59
Evaluate -37 - ((0 - -1) + (-14 - (-23 + -12 + 31))).
-28
What is the value of -78 + (114 - 74) - 22?
-60
What is the value of (-68 - (3 + -41)) + 3 + 2?
-25
Calculate (-65 - -85) + -19 + (-2 - (-1 - 2)) + -44.
-42
What is -32 + -26 + 113 + 10 + -1?
64
Calculate 32 - (66 + 29 + -12 + -14).
-37
(-6 - -3) + (4 - ((-12 - -38) + -16))
-9
Evaluate 49 + (27 - 24) + -5.
47
-12 + 9 - (188 - 197)
6
Evaluate (19 - 13) + 40 + -12 - (-9 - (-3 + -1)).
39
Calculate (-12 - (66 - -1 - 22)) + 4.
-53
What is ((19 - 2) + -9 - 15) + -21?
-28
-106 + (53 + -25 - -6) - -7
-65
Evaluate (-38 - (4 + 1)) + (28 - 31).
-46
11 + (13 - ((42 - 5) + 12 + -24 + 6))
-7
Evaluate (-97 - 1) + 101 + 36.
39
6 + (53 - 73 - (89 + 1)) - (-2 + -11)
-91
What is -6 + 39 - (-51 + 43 - -1)?
40
-13 + 33 + -12 + 1 + -3 - -1
7
What is the value of (-5 - (-10 + 0) - (4 - (-3 + 18))) + 12?
28
-36 + (-21 - (0 - 26)) - 8
-39
What is the value of 26 - (150 - 111 - -88)?
-101
What is the value of -3 + -7 + (-1 - -2) + -164 + 202?
29
-16 - ((-97 - -33) + 28)
20
Calculate 1 - (-12 - (-12 - (-6 - -6))) - 41.
-40
Evaluate -250 + 240 + (4 - (-1 + 4)).
-9
0 + -11 - 1 - (29 + (-21 - 4))
-16
What is the value of 1 + -27 + (-2218 - -2270)?
26
What is -7 + -20 + (-30 - -54) - (-45 - -1)?
41
Calculate 144 - 206 - (-42 - -16 - 20).
-16
(27 - 29 - -19) + (-50 - -2)
-31
What is the value of (22 - 36) + -42 - -4?
-52
(188 - 94 - 209) + 48
-67
5 - (6 - (-12 - (-5 - 17)))
9
-11 - -28 - (-5 + 13 + (-4 - -4) + -3)
12
Calculate 0 - 56 - (-30 + 59 + -41) - 5.
-49
What is the value of -3338 + 3342 - (2 + -4 - 33)?
39
-46 - (49 - 81) - -90
76
(1 - (6 - -9)) + 31 + (55 - 1)
71
What is the value of (461 - 463) + (-1 - -6 - -2) - -43?
48
Evaluate (-12 + 5 - (8 + -11)) + (5 - 28).
-27
Evaluate 23 + -6 + 10 + (-23 - -11).
15
(52 - (-23 + 45)) + -23 - -39
46
Calculate (-33 + -56 - 65) + 77.
-77
Calculate 15 - (107 + -2 + -5 + 4) - 0.
-89
3 + -28 - (-184 + 77 + 141)
-59
What is -1 - -25 - (87 - 16) - 5?
-52
What is 25 - (-14 - (-67 - -49))?
21
Calculate 12 - 0 - (228 + -218).
2
Calculate 69 - 2 - ((2 - -3) + (-135 - -137)).
60
-2 + 31 + -30 + -4 + 11
6
What is the value of 8 + -1 + (-28 - (-8 - 1 - -6))?
-18
Evaluate 10 + -10 + (10 - 1 - -7) - 42.
-26
-5 + (20 - -6 - 21 - -20)
20
What is -49 + 0 + (-2 - -43)?
-8
Calculate (32 - -80 - 123) + 4 + 2 + -2 - -62.
55
Calculate -104 + 31 + -78 + 41.
-110
Calculate -5 + (17 - 2) + ((6 - 8) + -8 - -17).
17
What is the value of -1 + -9 - (55 - (126 + -137))?
-76
Calculate (1 - 0) + (-44 - -30 - (-1 - 14)) + -80.
-78
What is the value of -23 + (6 + (-4 - 0) - 28)?
-49
What is 27 - (22 + (19 + -49 - -48))?
-13
Evaluate 19 + 68 + -78 + (-1 - (-11 - 0)).
19
What is the value of 30 + -3 - (-12 + -10 + 19)?
30
What is -10 - (-33 + (17 - 27) + 17)?
16
Calculate -3 - (-2 - -3) - -12 - (-199 + 160).
47
(-17 - (12 + -24)) + 87 + (-4 - 12)
66
What is -9 + 34 + -9 + (-163 - -35)?
-112
Evaluate 14 - ((8 - 8) + 4 - (-23 - (-12 - -4))).
-5
What is 12 - 15 - (-2 - 0) - (-56 + 16)?
39
Calculate 29 + -91 - -49 - 5.
-18
What is 32 - (-47 - -154) - (14 + -3 + 3)?
-89
What is (754 - 798) + 1 + 86?
43
What is -104 - (-6 - (80 - -17))?
-1
What is 96 + -10 + -88 - -125?
123
Calculate (15 - (85 - 3 - (21 + 1 + -19))) + 6.
-58
Evaluate 50 - (135 + -160 + 26 + (0 - (6 - 2))).
53
What is 374 + -311 + 3 + (-4 - (3 - 8))?
67
(5 + -8 - -2) + 27 + 11
37
What is 10 + -88 + -79 + (1 - -31)?
-125
What is the value of -2019 - -1924 - (-106 - -1)?
10
Evaluate 3 + (-110 - -43) - -109.
45
What is the value of ((-1 - -16) + -25 - (-3 + -7)) + -75?
-75
Calculate (12 - (-15 - -7)) + -34 + (-37 - 1).
-52
(5 + -3 - 18) + 0 + (26 - -40)
50
Calculate (13 - -4) + -7 + (-11 - -3) - -27.
29
-2 + -6 + -2 - (875 - 892 - (2 + 24))
33
Calculate (111 - 82) + (-11 - 48).
-30
-4 + -14 + 44 + -18 - 54
-46
What is the value of -10 - (44 + (-19 - (-20 - 11)))?
-66
-1 - -13 - (26 + -17) - (-9 + 10 + 1)
1
1 - -21 - (124 + (129 - 258))
27
Calculate 4 - -13 - (-114 + 12 + -8).
127
Calculate 36 + 44 + (-80 - -38).
38
Evalu